- 10, -2*w - 4*p - 5 = -p. Let c(d) = -d**3 + 6*d**2 - 3*d - 4. Calculate c(w).
6
Let l(t) be the first derivative of -t**5/60 - 7*t**4/24 + t**3/3 - 2*t**2 + 4. Let r(k) be the second derivative of l(k). Determine r(-5).
12
Let h(r) = -100*r**2 + 7*r - 99*r**2 - 101*r**2 + 299*r**2. Let b = 16 + -10. What is h(b)?
6
Let f(u) = u**3 - 5 + 4 + 4*u - 4*u - u. What is f(-2)?
-7
Let a(g) be the third derivative of -g**4/24 + 2*g**3/3 + 8*g**2. Let p be 23/4 + 2/8. What is a(p)?
-2
Let s(m) = 16*m + 13. Let k(x) = -2 + 5*x + 6 + 0. Let w(y) = -7*k(y) + 2*s(y). Suppose 12 + 0 = -6*g. Calculate w(g).
4
Let t(w) = -w - 19. Let f be t(-20). Let q(i) = 3*i**2 - i. Determine q(f).
2
Let z(x) = -14 + 8 - 6 - x. What is z(-7)?
-5
Let w(d) be the third derivative of -d**4/24 + d**3/3 + 15*d**2 + 3. Calculate w(-4).
6
Let h(p) = -5 + 4 + 4*p + 8 - 3*p. Let s be 16/(-6)*(-3)/(-2). Let t = 0 + s. What is h(t)?
3
Let p(u) = u**3 - u**2 - u - 3. Let f be (1 - -2)*6/9. Let x be f/(-11) + 4/22. Determine p(x).
-3
Let i = -8 - -13. Suppose 5*u = 6*y - 2*y + 10, 0 = -i*u - 2*y + 40. Let h(z) = z**3 - 6*z**2. Calculate h(u).
0
Let s = 4 - 8. Let r be (4/(-6))/(s/(-6)). Let l(x) = 5*x**3 - 2*x - 1. Determine l(r).
-4
Let t be (-81)/54*16/(-6). Let f(p) = -p**2 + 2*p - 1. Calculate f(t).
-9
Suppose d + j = -2*j - 10, 4*j = -3*d - 10. Let i(c) = c - 1. Determine i(d).
1
Let b(v) be the second derivative of 3*v + 0 + 1/6*v**3 + 1/2*v**2. Give b(5).
6
Let l(s) = 5*s**2 + s - 18. Let j(h) = -1. Let q(b) = 5*j(b) - l(b). Let v(y) = 2*y**2 + y - 6. Let t = -10 + 17. Let g(u) = t*v(u) + 3*q(u). Calculate g(2).
1
Suppose -d + 16 = -5*d. Let x = d - -5. Let u(r) be the first derivative of 5*r**2/2 - r + 3. Calculate u(x).
4
Let b = -9 - -17. Let h = b + -16. Let z = -14 - h. Let d(s) = s**3 + 7*s**2 + 7*s + 9. What is d(z)?
3
Let b(v) = 0*v**2 + 3 - 4*v**2 - 1 + v**3. Let d(s) = s**3 + 9*s**2 + 7*s - 4. Let h be d(-8). Suppose -4*r = 4, -h*p + r = -5 - 8. What is b(p)?
-7
Let r(d) = -d**2 + 2*d - 3. Suppose -4*i = -0*i - 12. Determine r(i).
-6
Let g(p) = 2*p + 1. Suppose 0 = 2*i + 11 - 3. Let j = i - -4. Let v be j + (-2 + -2)/(-2). Calculate g(v).
5
Let j(k) = k**2 + 5*k + 4. Suppose 6*n + 22 = -14. Give j(n).
10
Suppose -31 = 4*x - 5*k - 1, -5*x - 29 = -2*k. Let r(j) = j + 3. Let m be r(0). Let v(u) = -4*u - 5 - u**2 + 0*u**2 - m*u. What is v(x)?
5
Let k(z) = -2 - 3 - z - 7 + 0*z. Let o(i) = -i - 2. Let g be o(3). Give k(g).
-7
Let x(j) = j**2 + j - 6. Let a(f) = f. Let z(g) = -4*a(g) - x(g). What is z(-7)?
-8
Let i(v) = -v + 9. Let k be (-3)/9 + 8/(-3). Let b = k + 3. Determine i(b).
9
Let t be ((-8)/(-8))/(2/(-22)). Let j(w) = 5*w**3 - 5*w**2 - 10*w + 26. Let o(c) = -c**3 + c**2 + 2*c - 5. Let i(d) = t*o(d) - 2*j(d). What is i(2)?
3
Let f(k) be the first derivative of k**3/3 + k**2 - 4*k + 4. Suppose -u + 4*x = 3*x - 1, -5*x - 8 = -4*u. Give f(u).
-1
Let i(k) be the second derivative of k**4/12 - k**3/2 + k**2 + 46*k. What is i(3)?
2
Let a(y) = 6*y**2 - 2*y**2 + 5 - 5*y**2 - 6*y. What is a(-6)?
5
Let g(z) = -13*z**3 + 4*z**2 + 13*z + 29. Let t(y) = -3*y**3 + y**2 + 3*y + 7. Let l(q) = 2*g(q) - 9*t(q). Calculate l(0).
-5
Let t(q) = -2*q + 1. Suppose s + j + 2 = 0, s - 2*j - 4 = 3. What is t(s)?
-1
Let x(n) = -n**2 - 3*n + 1. Suppose 2*w - 5*b = -11, 4*w + b + 12 = 1. Give x(w).
1
Let f(q) = 13*q + 39. Let g(b) = 7*b + 20. Let u(l) = 6*f(l) - 11*g(l). What is u(0)?
14
Let x(r) = -r**2 + 4*r + 4. Let y = 6 + -2. Let g be x(y). Let v(u) = u**3 - 4*u**2 - u + 1. What is v(g)?
-3
Let f(p) = 4*p + 1. Let n(w) = -w - 2. Let b(a) = f(a) + 3*n(a). What is b(5)?
0
Let v(d) be the second derivative of d**4/12 + d**3/6 - d**2 - 3*d. Let a(l) be the first derivative of v(l). What is a(3)?
7
Let k(w) = -w**2 + w + 1. Suppose m + 3*n - 6 - 2 = 0, -5*m - 3*n + 28 = 0. Let q = m - 2. Calculate k(q).
-5
Let o(q) = -3*q**2 + 14*q - 9. Let v(x) = -2*x**2 + 9*x - 6. Let j(y) = 5*o(y) - 7*v(y). Give j(7).
-3
Let p(i) = -4*i + 2 + 5*i + 57*i**2 - 118*i**2 + 62*i**2. Calculate p(0).
2
Suppose 3*d + 6 = -5*g, 5*d + 23 = 2*g - 18. Let n(u) = u**2 + 7*u - 6. Give n(d).
-6
Let g(i) = -3*i + 2. Let s(l) = 10*l - 7. Let v(n) = 7*g(n) + 2*s(n). Suppose m = -3 + 8. What is v(m)?
-5
Let b = -7 + 9. Let m(q) = q**2 + 1 - 3*q + 2 + 1 + 0*q**b. Give m(3).
4
Let n(h) be the second derivative of 0 - 1/2*h**2 - 1/3*h**4 - 1/6*h**3 + h. Let y(l) = l**3 + 8*l**2 - 1. Let r be y(-8). Determine n(r).
-4
Let i(g) = g + 11. Let s be i(-8). Suppose s*t = -2*t + 10. Let n(l) = t*l + 2 - 2. What is n(3)?
6
Let s be 0 - -3 - 20/10. Let f(y) = 6*y**2 - y + 1. Determine f(s).
6
Let l(m) = -m**2 - m. Let v(k) be the third derivative of k**6/120 + 2*k**5/15 + k**4/4 - k**3/2 + 2*k**2. Let z(j) = 4*l(j) + v(j). Give z(-3).
0
Suppose 4*g - 7 = -3. Let s(u) = 4*u**2 - 1. What is s(g)?
3
Let g(n) = -n + 1. Let s(i) = -i. Let f(b) = -4*b + 8. Let p(c) = -f(c) + 2*s(c). Let u be p(6). Determine g(u).
-3
Let t(f) = -3*f**3 + 25*f**2 - 8*f - 13. Let u(m) = -2*m**3 + 17*m**2 - 5*m - 9. Let y(r) = 5*t(r) - 7*u(r). Suppose -4*v = -0 - 20. Give y(v).
-2
Let x(n) = 3*n**2 - n**2 + n**2 - 3 + n + n**3 + 0*n**3. What is x(-3)?
-6
Let p(v) be the third derivative of -v**5/60 + v**4/24 + v**2. What is p(-3)?
-12
Let h be (13 + (-2 - -2))*1. Let v(u) = u**2 - 12*u - 12. Let l be v(h). Let s(b) = 7*b**2 - 1. Calculate s(l).
6
Let x be (2/16)/(7/((-28)/(-6))). Let l(w) be the second derivative of 0 - 3*w + 9/2*w**2 + 1/20*w**5 + 0*w**3 + x*w**4. Calculate l(0).
9
Let y(x) = -4*x**3 - x**2 + 1. Suppose -12 = 2*m + 2*z, m - z - 4*z - 24 = 0. What is y(m)?
4
Let o(x) = x + 5. Let s(q) = q + 6. Let u(p) = 4*o(p) - 3*s(p). Let i be 2/(-3)*3 - 0. What is u(i)?
0
Let q be 3 + (-4 + 0)/2. Let d(u) = -7*u**2 + 2*u. Let f be -12*1*(-4)/(-6). Let m(s) = -20*s**2 + 5*s. Let x(w) = f*d(w) + 3*m(w). Give x(q).
-5
Let z(j) = -3*j + 5. Let w(r) = -4*r + 7. Let q(h) = 5*w(h) - 7*z(h). Let p be q(1). Let n be (-2)/(p - (-9)/(-6)). Let f(a) = a**2 - 6*a + 4. Calculate f(n).
-4
Let h = -1 + 2. Let c(p) = -7*p - 4. Let z(j) = -8*j - 5. Let w(k) = -6*c(k) + 5*z(k). What is w(h)?
1
Let l(w) be the third derivative of w**6/8 - w**5/60 + w**4/12 - w**3/6 - 3*w**2 - 2. Give l(1).
15
Let y(v) = v**2 + 5*v + 2. Let w be y(-5). Let g(b) = -3 - w - 4 - b. Give g(-7).
-2
Let g(i) = i**3 - 3*i**2 + i + 1. Let t be g(3). Let m(v) = -3 - 2*v**2 + 3*v + t - 2. Let r = -5 - -7. Determine m(r).
-3
Let a(r) = -r**2 + 4*r + 1. Let v be a(3). Let s(l) = 4*l - 3*l + l - l + v - l**2. What is s(3)?
-2
Suppose 0 = 71*s - 70*s - 6. Let o(r) = -2*r - 11. Let x(d) = 1. Let v(c) = -c + 1. Let y(p) = -2*v(p) + 14*x(p). Let t(g) = s*o(g) + 5*y(g). Determine t(-5).
4
Let b(v) = -6 + v**2 + v**3 + 7 + 0*v**3. Determine b(-2).
-3
Let j(w) = w. Suppose -4*a + 7*a + 12 = 0. Let l be j(a). Let p(u) = -u**2 - u. Give p(l).
-12
Let t(n) = -n - 4. Let l = 14 - 13. Let a = -7 + l. Calculate t(a).
2
Let i(d) = -d**2 - 5*d - 2. Let w be -3 - (-5 - -3) - 4. What is i(w)?
-2
Let b be (-1)/(-2)*-3*4. Let n(v) = -7*v - 1. Let z(t) = 8*t. Let q(a) = 6*n(a) + 5*z(a). What is q(b)?
6
Let y(n) = 27*n - 46*n + 20*n - 4. Calculate y(0).
-4
Let d(o) = -o**3 + o**2 - 6. Let u(h) = h**2 - 9*h + 2. Let j be u(7). Let r = j + 12. Calculate d(r).
-6
Let n(i) be the first derivative of 1/3*i**3 - 2 - 2*i + 3/2*i**2. What is n(-4)?
2
Let h be (-1)/(-1) - 1/(-1). Suppose -3*i + j = 4, -i + 8 = -h*j + 1. Let o(s) = -s**2 - s + 1. Calculate o(i).
-5
Let i(a) = -a**2 + 4*a + 2. Suppose -f - q = 1, f = 2*f + 5*q + 21. Let r be i(f). Let z be (-1 + r)*(1 - 1). Let o(k) = k**3 + k**2 + 1. Determine o(z).
1
Suppose -w = 4*k - 15 + 4, 5*k = w + 16. Suppose -2*c + 5 = k*c. Let p(h) = -7*h. Determine p(c).
-7
Let y(i) be the first derivative of i**4/4 - i + 1. Suppose -8*p = 3*p. What is y(p)?
-1
Suppose 5 + 4 = -f + z, 5*f + 17 = -2*z. Let q(n) = 4*n + 1. Give q(f).
-19
Let n(v) = -v**2 + v + 1. Let b(i) = -1. Let l(z) = 6*b(z) + n(z). Let t = 8 + -5. Suppose -t*a = 7 + 8, -5 = -2*m + a. What is l(m)?
-5
Let t(f) = -2 + f - 1 + 0*f**3 - f**3 + 5*f**2. Let w be t(5). Let r(n) = -3*n**2 + 2*n + 1. Determine r(w).
-7
Let l(u) = -u**3 - 5*u**2 - 6*u - 5. Let r be l(-4). Let b(y) = y**3 + r - y**2 + y**3 - 2 + 2*y**3. Determine b(1).